hat are the prime factors of 28/(-126) - 2976/d?
2, 5, 11
Let z(m) = 4*m**3 - 17*m**2 - 14. Suppose 89*r - 93*r = -32. List the prime factors of z(r).
2, 11, 43
Suppose -26*s - 454 = i - 22*s, 5*s + 453 = -i. Let h = -256 - i. List the prime factors of h.
2, 101
Suppose -2*f - 2 = 0, -8 = -2*p - 4*f + 14. Let x(t) = 15*t - 22 + 3 - 33 + p. What are the prime factors of x(7)?
2, 3, 11
Let h(s) = 1641*s + 8. Let v be h(2). What are the prime factors of 6/48*-2 + v/8?
3, 137
Let p(m) = 3*m**3 + 21*m**2 - 77*m + 25. What are the prime factors of p(10)?
5, 13, 67
Let s(g) = g**2 + 35*g + 160. Let n be s(-6). What are the prime factors of (-4)/n + 65835/245?
269
What are the prime factors of 19/38*(20 - -112098)?
61, 919
Let j be 2*-1 - (-46 - -13). Suppose 28*a = j*a - 9. Suppose -3*y - 3 = 0, a*b + 57 - 181 = y. List the prime factors of b.
41
Let l = 12120 - 11112. List the prime factors of l.
2, 3, 7
Let t = -3888 - -6117. What are the prime factors of t?
3, 743
Suppose -23263 - 84370 - 21511 = -12*s. What are the prime factors of s?
2, 5381
Let t(s) = -325*s**2 - 26*s - 51. Let k be t(-2). Let l = -863 - k. List the prime factors of l.
2, 109
Suppose -32 = -4*l + 28. Let u = 17 - l. Suppose 3*s = -3*q + 111, -u*q - 107 = -3*s - 3*q. What are the prime factors of s?
5, 7
Suppose 3*n + 4 = 4*o + 30, 3*n + 4 = -2*o. What are the prime factors of (-17 - -9)/(n/(-220))?
2, 5, 11
Let h = 36 + -29. Let a(v) = v**3 - 8*v**2 + 7*v. Let z be a(h). Let u(g) = g**2 + 2*g + 23. List the prime factors of u(z).
23
Let i(n) = -n**3 + 16*n**2 - 20*n + 35. Let x be i(15). List the prime factors of 4/x*-2908 - (-1)/5.
3, 97
What are the prime factors of 23023 - (-5)/(-6 - 117/(-18))?
31, 743
Let b be 88/(-20)*(2 + -12). Suppose -40*c = -b*c. Suppose 3*v - 73 - 56 = c. List the prime factors of v.
43
Let i = 23999 - 7953. List the prime factors of i.
2, 71, 113
Let j(k) = -97*k - 17. Let w be j(16). What are the prime factors of w/(-2) - (28/(-8) - -5)?
3, 29
Suppose 2*j - 15 = -3*d, 0 = -j + 3*d - 5 - 1. Suppose 9*n - 10*n = 5*w - 365, -3*n = -j*w - 1077. What are the prime factors of n?
2, 3, 5
Suppose 16 + 74 = -2*t + 4*d, -d - 45 = t. List the prime factors of (-3)/t*5 - 568/(-6).
5, 19
Suppose 46*v - 3*m - 14991 = 43*v, 2*m = -5*v + 24950. List the prime factors of v.
2, 3, 13
Let w(k) = -16*k**3 - 13*k**2 + 3*k + 5. Let r(j) = 14*j**3 + 12*j**2 - 3*j - 5. Let u(l) = -7*r(l) - 6*w(l). List the prime factors of u(-6).
7, 29
Let i = 20802 - 3034. What are the prime factors of i?
2, 2221
Suppose 1330847 = 98*o - 128471. What are the prime factors of o?
14891
Let c(q) = q**3 - 21*q**2 + 32*q - 16. Let w be c(21). Suppose -4*t = 4*t - w. Let s = t + -37. What are the prime factors of s?
3, 5
Suppose 4*r - 4*m = -768, 0 = r - 4*m + 36 + 165. Let x = 732 + r. What are the prime factors of x?
3, 181
Let x = 4414 + -1966. Suppose x = -49*h + 58*h. List the prime factors of h.
2, 17
Let l(t) = -t**3 + 6*t**2 + 3*t - 9. Suppose -42 = -21*m + 22*m. Let u be (18/(-21))/(9/m). What are the prime factors of l(u)?
5, 7
Suppose 0 = 4*b + 2*o - 8387 - 93061, -2*b + 2*o = -50718. What are the prime factors of b?
7, 3623
Let z = 144 + -82. Suppose -2*s + z = 2*c, 5*s - 3*c = -6*c + 147. List the prime factors of 1*(-42)/((-6)/s*3).
3, 7
Suppose 0 = 6*w - 4*w - 48. Suppose w*z = 19*z + 90. Suppose 2*b = k - 16 - z, -4*k + 188 = 5*b. What are the prime factors of k?
2, 3, 7
Let b = 7055 - 40079. What are the prime factors of ((-22)/(-8))/((-64)/b)?
3, 11, 43
Suppose -5*b - 6*j + 4*j = -5359, -b + 1064 = 3*j. Let p = b + -378. What are the prime factors of p?
5, 139
Let a(h) = -5*h + 17. Suppose -t = -4*d + 11, -5*t - d - 13 + 0 = 0. Let k be t + 1 + 0 + -5 + 1. What are the prime factors of a(k)?
47
Let b be (-2)/(-6)*2/(8/204). Suppose -14*j + b*j = -3*g + 3138, 3*g - 3142 = j. What are the prime factors of g?
3, 349
What are the prime factors of 22 + (-15 - 22) + 75558?
3, 13, 149
Let p(d) = 2*d**2 - 7*d - 105. Let i be p(16). Let o = -109 + i. List the prime factors of o.
2, 3, 31
Suppose 0 = 14*p - 1874 - 97152 + 6808. What are the prime factors of p?
7, 941
Let t(n) = n**2 + 10 + 8*n**3 - 179*n**3 + 0 + 0*n**2 + 11*n. What are the prime factors of t(-1)?
3, 19
Let a = 86 - 82. Suppose 4*v - 5*k - 603 = 1993, 0 = -a*k. What are the prime factors of v?
11, 59
Let j = 8075 - 1593. List the prime factors of j.
2, 7, 463
Let m(y) = 624*y**2 + 1033*y + 8199. What are the prime factors of m(-8)?
13, 3067
Let c = -28358 - -30635. List the prime factors of c.
3, 11, 23
Let p(k) = 10 + k + 12*k**2 - 5 + 2*k + k. Let a be p(-4). List the prime factors of (a/3)/((-18)/(-54)).
181
Let p(n) = 10*n**2 - 2*n. Suppose 3*b + f = 0, b - 8 = 3*f + 2. Let d be p(b). List the prime factors of ((-2*1)/(-1))/(d/80).
2, 5
Suppose -5*h = -18*h + 156. Suppose 0 = h*g - 3 - 33. Suppose -4*d = 16*w - 12*w - 768, -5*d = g*w - 572. List the prime factors of w.
2, 97
Let t = 523 + -477. List the prime factors of 4/t - 315860/(-782).
2, 101
Let b = 8023 - -10083. List the prime factors of b.
2, 11, 823
Let v be 21/4 + 4 + (-102)/24. Suppose -5*l + 710 = v*w - 0*w, 0 = -w + 1. List the prime factors of l.
3, 47
Suppose -4*w - 28 = 0, -4090 = -5*i - 2*w + 58311. List the prime factors of i.
3, 19, 73
Let f = -47 + 58. Suppose -3*r = 5*x + f, -x = -r + x. List the prime factors of (11 - 15)/(r/93).
2, 3, 31
Let n be (-11)/((-77)/(-56)) + 26. What are the prime factors of (-29932)/70*(2 + n/(-4))?
1069
Suppose 2*f + 135 = -k + 495, 3*k - f - 1080 = 0. Let d = k + -203. What are the prime factors of d?
157
What are the prime factors of ((-2 + 3)*-17)/(158416/(-13200) - -12)?
3, 5, 11, 17
What are the prime factors of (14*112345/245)/((-2)/(-7))?
22469
Suppose -10*n - 4072308 = -91*n - 25*n. What are the prime factors of n?
2, 3, 19, 337
Let i(c) = c**3 + 12*c**2 + 6*c - 33. Let w be i(-12). Let q = w + 482. What are the prime factors of q?
13, 29
Suppose 4 = -13*t + 615. Suppose 0 = -t*g - 4392 + 27234. What are the prime factors of g?
2, 3
Let u = 949 + 1976. What are the prime factors of u?
3, 5, 13
Let z(r) be the first derivative of 62*r**3/3 + 3*r**2 - 4*r - 24. Let q be z(-6). List the prime factors of (q/20)/((-6)/(-15)).
2, 137
Let j be 1/(-2 - (-750)/372). Suppose 2*g - j - 276 = 0. List the prime factors of g.
13
Let t(u) = 0 - 7*u**2 + 2 - 3 - 8*u - 4*u**2 - u**3. List the prime factors of t(-11).
3, 29
Let v be ((-1)/(-4) - 49/(-4))*2. Suppose 5*g + w - 569 = 0, -v = 3*g + w - 366. Let m = 24 + g. What are the prime factors of m?
2, 3, 23
Suppose -439*f + 335*f + 2990624 = 0. List the prime factors of f.
2, 7, 13, 79
Suppose 8*j = 2*a + 13*j - 34048, a - 17025 = -3*j. List the prime factors of a.
3, 31, 61
Let n(p) = -5 + p - 2*p**2 + p**3 + 12 + 5*p**2. Let f be n(-3). Suppose -2*c + w = -18, c = f*w + 13 + 10. What are the prime factors of c?
7
Let l be -3*1 - (-1375)/(20/4). Let f = l + -97. List the prime factors of f.
5, 7
Let p = 142 - 146. Let d(s) = -3*s**3 + 2*s**2 + 17*s. List the prime factors of d(p).
2, 3, 13
Suppose 0 = s - 2*w, -4*s + 2*s + 3*w = 0. Suppose -3*t + 9 = s, 59 + 109 = -2*z + 4*t. Let i = 152 + z. What are the prime factors of i?
2, 37
Suppose -4*b - 20 = -9*b. Suppose 10*s - 18 = b*s. Suppose -5*r + 192 = -4*n + 5*n, -s*n - 2*r = -563. List the prime factors of n.
11, 17
Let i(o) = 66*o**2 - 60*o + 51. List the prime factors of i(11).
3, 2459
Suppose 107*o - 11273427 = -100*o. List the prime factors of o.
11, 4951
Let i(d) = -75*d + 45. Let l be i(-2). Suppose l*n + 5439 = 202*n. List the prime factors of n.
3, 7, 37
Let f = 22524 - -7714. List the prime factors of f.
2, 13, 1163
Suppose 7*x - 4 + 4 = 0. Let j be 7 - x/(-3 - -2). Let z(f) = -f**3 + 7*f**2 + 2*f + 6. What are the prime factors of z(j)?
2, 5
Let x(a) be the third derivative of a**5/30 + 7*a**4/12 + 5*a**3/6 - 4*a**2. Let l be (4/18)/(-1) + (-1746)/162. List the prime factors of x(l).
3, 31
Let w(b) be the first derivative of 3*b**2/2 - 27*b - 15. Let g be w(0). Let l = 30 + g. List the prime factors of l.
3
What are the prime factors of 126272/23 - 436/5014?
2, 3, 5, 61
Suppose -4*x + 73 = 5*g, -3*x = 2*g + 11 - 71. Suppose 23*u + 3040 = x*u. List the prime factors of u/(-14) + (-10)/70.
7, 31
Let o(a) 